2 and p.
37
Let p be (7 + 156/(-20))*-5. Let y(c) = c**3 + c + 18. Let z be y(0). Suppose z = -p*h + 66. What is the greatest common factor of 228 and h?
12
Let x be -1 + 275/5 - 7. Suppose 0 = 3*i + 2*a - x, -9*i - 4*a + 81 = -4*i. Calculate the greatest common divisor of 13 and i.
13
Let h = 2342 + -2283. What is the greatest common divisor of 767 and h?
59
Suppose 0 = -45*n + 785 + 1420. What is the highest common divisor of 15 and n?
1
Let y be 8*((-3)/(-4))/1. Suppose 3*o - y*a + 164 = -2*a, a = -o - 64. Let c = o - -84. What is the highest common divisor of c and 12?
12
Let p = -180 - -208. Suppose -5*h + p - 18 = 0. Suppose 2*q - 6 = -2. Calculate the greatest common factor of q and h.
2
Let f = 41 - 41. Suppose 93 = r - 4*w, f*r - 3*w - 201 = -2*r. Suppose 2*o + 5*o = r. Calculate the greatest common divisor of 15 and o.
15
Let h = 541 + 217. Suppose -h*f = -760*f + 18. Calculate the highest common factor of 15 and f.
3
Let q(s) = 14*s**2 - 15*s - 171. Let r be q(-8). What is the highest common divisor of 455 and r?
65
Suppose -2516 = -22*c + 124. Calculate the highest common factor of 85 and c.
5
Let g = 383 + -387. Let d be 0 - g/(-6)*-6. What is the highest common divisor of 64 and d?
4
Let m = -20 - -23. Suppose -18*q - 39 + m = 0. Let w be 4 + 5 + 0 + q. Calculate the greatest common factor of 77 and w.
7
Let v(l) = 449*l + 464. Let k be v(-1). What is the greatest common factor of k and 477?
3
Let l = -314 + 509. Suppose -4*a = 2*p - 104, 7*p - l = 2*p + 3*a. What is the highest common factor of p and 6?
6
Let s = -76 + 34. Let a be 4/(3 + s/15). Suppose 2*k - 5*w = a, k + 3*w - 4 = -k. What is the highest common factor of k and 20?
5
Suppose 132 = 5*r - 0*r - 3*n, -2*r + n + 52 = 0. Suppose 0 = -36*w + 33*w - 585. Let t be w/(-12) - 4/16. Calculate the greatest common factor of r and t.
8
Let q = 3933 - 3926. Let l be 9/(-6)*(-16)/2. Suppose l = q*c - c. What is the highest common factor of 3 and c?
1
Suppose -b + 4*g + 2588 = -140, -2*b = -3*g - 5451. What is the greatest common divisor of 300 and b?
12
Suppose 5*l + 175 = -m, -l = 3*m - 3*l + 610. Let g = m - -302. Let k = g - 90. What is the greatest common factor of k and 96?
12
Suppose d - 68 = -5*s, 0 = 13*d - 9*d - 2*s - 316. Calculate the highest common divisor of 286 and d.
26
Let v(n) = -52*n - 22. Suppose 0 = -9*m + 10*m + 5. Let x be v(m). Suppose -7*k + 9*k - x = 0. What is the highest common divisor of k and 17?
17
Suppose -67 - 125 = -8*h. Let s = h - 21. Suppose 0 = -5*f - 3*p + 4*p + 491, -199 = -2*f + s*p. What is the highest common factor of 14 and f?
14
Suppose 0 = 5*x + h + 96, 5 = 2*x + 4*h + 29. Let t be 3366/(-12)*(x/6 - -2). Calculate the highest common factor of 22 and t.
22
Suppose 38*v + 6691 = 20067. Calculate the greatest common factor of 814 and v.
22
Suppose 5*c - 14 = -2*c. Suppose c*k = 2*i - 3*k + 17, -i - 4 = -k. Let b be (i/(-4) - 760/(-32)) + 3. What is the greatest common divisor of b and 9?
9
Suppose 616*i = 619*i - 18, 0 = -m - i + 106. Let s(j) = -j**3 + 5*j**2 + 5*j. Let v be s(5). Calculate the greatest common factor of v and m.
25
Let t(g) = -2*g**3 - 2*g + 80. Let y be t(0). Suppose y = -2*x + 4*x. What is the highest common divisor of x and 30?
10
Let h be (2 - -1)*(3 + 35/(-15)). Suppose 2*d + h*w = 64, 59 + 77 = 4*d - 4*w. Calculate the highest common factor of d and 88.
11
Suppose g - 2 = -3*w, -w = -2*g + 7*g + 4. Let d(f) = -267*f**3 + f**2 + 2*f. Let n be d(g). Calculate the highest common factor of n and 14.
14
Suppose -57 = -2*u + 193. Suppose 252*p - 10920 = 1680. What is the greatest common factor of p and u?
25
Let p = 15 - 10. Let y(c) = -c**3 + 101*c**2 - 1000*c + 945. Let z be y(90). Calculate the greatest common factor of z and p.
5
Suppose 7*r = -2*r + 108. Suppose g - 15 = r. What is the highest common factor of 6 and g?
3
Let k = -9135 + 9191. Let c = -180 + 796. Calculate the greatest common divisor of k and c.
56
Suppose 2*y = 3*c - 46, y = 3*c - 2*y - 48. Suppose c*u + 24 = 6*u. Let m be u - ((-18)/(-27))/(4/(-42)). What is the greatest common factor of 10 and m?
2
Let r be (256/(-20))/((-8)/20). Let n be (3/(-2) + 1)*2 + 641. Let b be 48/(-5)*n/(-24). Calculate the highest common factor of b and r.
32
Suppose 11 - 5 = j. Let l(k) = 3*k**3 - 4*k**2 - 10*k + 4. Let w be l(j). Calculate the highest common divisor of 7 and w.
7
Let i = -33 - -28. Let r be (-4 + (-32)/i)/((-2)/(-10)). Suppose z - 2*x - 26 = 0, 0 = 3*z + 5*x + r - 79. What is the highest common factor of 60 and z?
12
Let x = -303 - -873. Let o = x + -130. Calculate the highest common divisor of o and 40.
40
Suppose -118*g - 20 = -114*g. Let r be g/(((-15)/(-2))/(-3)). Calculate the greatest common divisor of 1 and r.
1
Suppose 4179 = 25*s - 19896. Calculate the highest common factor of s and 117.
9
Suppose 0*l + 5*l - 350 = 0. Let v be (-3114)/(-2595)*350/4. What is the highest common divisor of v and l?
35
Let h(x) = -264*x + 4006. Let p be h(14). Calculate the highest common divisor of 37510 and p.
310
Let p(h) = 15*h + 30. Let c be p(3). Suppose 0 = -c*k + 1812 - 12. Calculate the greatest common factor of 78 and k.
6
Let c(m) be the third derivative of m**6/40 - m**5/15 - 3*m**4/8 + m**3 - 15*m**2 - 1. Let z be c(4). Calculate the highest common divisor of z and 56.
14
Let q(a) = a**3 + 27*a**2 - 12*a + 493. Let l be q(-28). What is the greatest common divisor of l and 11085?
15
Let z(b) = b**3 + 18*b**2 + 35*b + 51. Let g be z(-16). Suppose 4*j = -5*x + 775, -5*j - g*x + 944 = -5*x. Calculate the greatest common divisor of j and 10.
10
Let z be (-4)/14 + (-61)/7. Let t(a) = -3*a - 9. Let m be t(z). Let j = -2083 + 2245. Calculate the highest common factor of m and j.
18
Let u = 100 - 73. Let v be 54/((10/15)/(60/u)). What is the greatest common factor of 20 and v?
20
Let v(w) = w**3 + 7*w**2 + 211*w + 1507. Let m be v(-7). What is the highest common divisor of m and 1920?
30
Let o be (6 - 10) + 1 + 18. Suppose 2*a - o = k, 2*k + 15 = -0*a + a. Calculate the greatest common factor of 95 and a.
5
Suppose -12*d + 53*d - 17576 = -63*d. Suppose 5*j - 24 = -3*n, 2*n + n + 2*j = 33. What is the highest common factor of d and n?
13
Suppose -4006*o + 4030*o = 20088. What is the greatest common divisor of o and 432?
27
Let r be 1493 + (8 - 10) + 1*5. Suppose 40*j - r = 29*j. Calculate the highest common factor of 8 and j.
8
Let l(s) = s**3 - 7*s**2 + 3*s + 47. Let q be l(7). Calculate the highest common divisor of q and 44.
4
Let g = -34 - -34. Let q be g/(3 - 8/4). Suppose q = 4*y - 2*k - 3*k - 70, 2*k = -4. What is the greatest common factor of 135 and y?
15
Let o(k) = -101*k + 356. Let c be o(3). Suppose 2386 = 5*f + b, 0 = 3*f - 4*b - 63 - 1364. Calculate the highest common factor of f and c.
53
Let j(u) = u + 3. Let w be j(8). Suppose 28 = w*q - 27. Let m be (-6)/(-8)*5/(q/36). What is the highest common divisor of 3 and m?
3
Let x = 19 - 48. Let q = x - -164. Let u = -67 + q. Calculate the greatest common divisor of 170 and u.
34
Suppose 4*y - 564 = 4*t, -2*y + 25*t - 21*t = -276. Suppose -2*s = 2, -2*r - 4*s + 60 = -r. What is the greatest common divisor of y and r?
16
Suppose 4*l + 5*g - 3762 = 16563, -2*l + 10140 = -2*g. Calculate the greatest common divisor of l and 58.
29
Let x = -70 - -100. Suppose -12*n + 7*n = -x. Let j = -18 + 24. Calculate the highest common factor of n and j.
6
Let u(m) = -2*m**3 + 11*m**2 - 4*m - 13. Let i be u(4). Suppose 16*s + 24 = i*s. What is the highest common divisor of s and 52?
4
Suppose -5044 = -5*d + 4*p, -4*d - 5*p + 63 = -4005. Suppose d*w + 651 = 1015*w. What is the greatest common factor of 93 and w?
31
Let l(i) be the third derivative of i**5/20 - 23*i**3/2 - i**2 + 7. Let g be l(7). What is the greatest common divisor of g and 39?
39
Let l = -27 - -39. Suppose -24 = 2*y - 4*m, m - l = 2*y + 3*m. Let z = y + 60. Calculate the greatest common factor of 130 and z.
26
Suppose 0*s + 3 = s + 4*f, 2*s - 3*f + 27 = 0. Let c(a) = 15*a - 24. Let o be c(s). Let i be 0 - 2 - 1 - o. Calculate the highest common divisor of i and 26.
26
Let y(t) = -9*t - 124. Let p be y(-14). Suppose -p*h = -5*o + 406, -2*o + 4*h + 402 = 3*o. Calculate the highest common factor of 2 and o.
2
Let l(a) = 6*a**2 + 50*a + 98. Let o be